m + 67*m - 53821306. Is m a composite number?
True
Let l = -152707 + 217440. Is l a prime number?
False
Let w(p) = -p - 10. Let x(j) = -j**3 + 4*j**2 - 5*j - 4. Let l be x(3). Let m be w(l). Suppose m = 7*g + 457 - 3306. Is g a composite number?
True
Let j be 8*(6/15 + (-35)/25). Suppose -3*z + 16 = -z. Is 2/j + 2362/z a prime number?
False
Let i(d) = -d. Let h(a) = -223*a - 3. Let f(p) = h(p) + 3*i(p). Let v be f(-17). Suppose 0*b = 5*b + 3*l - v, -5*b + 3835 = 5*l. Is b prime?
True
Suppose 0 = -3*c + 2*o - 1220, c = -4*o - 378 - 52. Let i = c - -2727. Is i a prime number?
False
Let x be (-14)/91 - (228/13)/3. Is -1*(x - 28012/4) a prime number?
False
Let t = -9847 + 9843. Let i(g) = 11*g - 63*g - 15 - 18*g. Is i(t) prime?
False
Let c(k) be the third derivative of 17*k**4/24 + 977*k**3/6 - 40*k**2 + 1. Is c(0) a composite number?
False
Suppose -y + 0 + 2 = 0. Suppose -4*g - y*v = -20912, -4*g + v + 20912 = -0*g. Is 3/(54/(-4)) - g/(-36) a composite number?
True
Let h(f) = 230*f**2 + 3*f + 617. Is h(-26) a composite number?
False
Suppose 7*t = 3*t + 12. Let v = 2676 - 2676. Suppose v = 3*i + 5*h - 1025, -2*i - t*h = h - 686. Is i a composite number?
True
Suppose -165640 = -10*g + 5*g. Is g + (-7 - -4) + 2 + 0 prime?
False
Let a(i) = -25*i - 284. Suppose -5*v = 10, 4*v - 3 + 77 = -2*k. Is a(k) a prime number?
True
Let m = -138 - -188. Suppose 273483 = m*g - 23*g. Is g a prime number?
False
Let s(m) = 81 + m**3 - 9*m**2 - 70 - 2*m**2 + 6*m. Let q be s(9). Let g = q - -576. Is g composite?
False
Let j be 224970/45*(-12)/8. Let a = j - -12298. Is a a prime number?
True
Suppose 0 = 13*t - 915428 - 458503. Suppose -t = 24*j - 27*j. Is j a composite number?
True
Let n(g) = -317*g - 3098. Is n(-15) prime?
True
Let p = 18679 - 11010. Is p composite?
False
Let z = -8 - -86. Is 1104/(-32)*z/(-9) prime?
False
Let l = 22500 - 11679. Is l a prime number?
False
Suppose 12*i - 97195 - 478817 = 0. Is i a prime number?
False
Let y(a) = -27*a - 13. Let k be y(-2). Let t = k + -36. Suppose t*r - 3681 + 161 = -u, 0 = -r + 4*u + 683. Is r a composite number?
True
Suppose 0 = 9*n - 753 + 510. Is 2/(-6) - ((-48609)/n + -1) a composite number?
False
Let x(h) = 38*h + 3243. Is x(86) a prime number?
False
Suppose 259*f = 249*f + 75950. Suppose -404 + f = 9*v. Is v a prime number?
False
Let x(z) be the first derivative of -z**5/5 - 4*z**4/3 - 7*z**3/3 + 15*z**2/2 - 10*z + 11. Let w(l) be the first derivative of x(l). Is w(-7) composite?
False
Let h = 61 + -45. Suppose -433246 = -h*g + 99346. Is g composite?
False
Suppose -2*b = -3*f - 1, 0 = -3*b + 18 - 3. Suppose 0 = f*i - 2*x - 3825, -3*i - 4*x + 967 = -2840. Is i composite?
True
Suppose -2271539 = -16*u - 563171. Is u prime?
False
Suppose 593 - 557 = 12*p. Suppose 4*b - p*g - 46082 = 0, 2*g - g - 57593 = -5*b. Is b prime?
True
Let j(k) = 300443*k**2 + 87*k + 89. Is j(-1) prime?
False
Let w(q) = -q**2 - 10*q - 12. Let p be w(-8). Let t(k) = 3086*k - 125. Is t(p) composite?
True
Is (-5254982)/(-6) - (-22 - 3648/(-171)) composite?
True
Let p(r) = -r**3 + 6*r**2 - 9*r + 4. Let g be p(4). Suppose -4*s + c = -9005, g = -s - 5*c + 2116 + 130. Is s prime?
True
Let g = -760 + 1341. Is (-52 + 50)*g/(-2) prime?
False
Let p = -71 - -71. Suppose -2*d = 2 - p. Let h(m) = -610*m**3 + 4*m**2 + 3*m. Is h(d) prime?
False
Suppose -2*p + 4*i - 192 = 0, -63 - 236 = 3*p + 5*i. Let u = -96 - p. Suppose -5*n - 6046 = -6*h + 2*h, u*h - 3034 = -3*n. Is h composite?
True
Suppose 0 = 4*y - 4*v - 5072, 6*v + 6331 = 5*y + 4*v. Suppose 402 = c - y. Suppose -3*q + 0*b + c = 4*b, 5*q + 4*b = 2781. Is q a prime number?
True
Suppose 0 = 5*p - n - 69756, -3*p + 0*n + 2*n + 41855 = 0. Suppose 10*k - p - 1119 = 0. Is k prime?
False
Let h(z) = -z**2 + 9*z - 19. Let x be h(5). Suppose -c - 2833 + 48488 = -4*b, -b + x = 0. Is c prime?
True
Let x be (-37)/(-7) - (-34)/(-119). Is 20244/4 + 1 + (2 - x) a composite number?
False
Let l = -45 + 57. Suppose -l*r + 72 + 0 = 0. Let m(a) = 328*a - 1. Is m(r) prime?
False
Let s(l) = -l**3 - 7*l**2 - 8*l + 13. Suppose 11*h + 69 - 14 = 0. Let i be s(h). Is 0 - i - (-1107 + 1) composite?
False
Let i(f) = -5313*f - 23. Let d be (5 + -3)/(-4)*4. Is i(d) a prime number?
False
Let o(n) = -n**3 + 25*n**2 - 30*n - 13. Is o(-16) composite?
True
Let u be (-16)/72 + (-4)/(-18). Suppose -3174 = -u*m - 6*m. Suppose -a + m = 5*w - 2732, -2592 = -4*w - 5*a. Is w a prime number?
True
Suppose -52*z + 432817 = 3*d - 48*z, 5*d = -4*z + 721383. Is d a prime number?
False
Let b be (7 + -41)*-4*113/2. Let f = b - 2213. Is f a composite number?
False
Let x(a) = 1951*a**2 + 222*a - 4186. Is x(24) prime?
False
Let d(o) = o**3 + 5*o**2 - 3*o - 10. Let u be d(-5). Is -3 + (-26 - (u - 8))*-104 a prime number?
True
Let u be ((-9)/27)/((-2)/6)*1. Suppose 2*d - 9 = -u. Suppose s - 2152 = -3*w, -w - 3*w + 2856 = d*s. Is w a prime number?
True
Let a(k) = -203*k - 119. Let l be 196/(-147) + (-92)/3. Is a(l) prime?
False
Let z(p) = -26*p**3 - 10*p**2 - 17*p + 26. Is z(-15) a composite number?
False
Is 2/(-33) + 1953/(-2079) - 138288/(-2) a prime number?
True
Let a be 4/5 - (-5 + (-112558)/(-10)). Let k = a + 16081. Is k a prime number?
True
Let s(n) = 26796*n**2 - 235*n + 935. Is s(4) prime?
True
Let f(i) = 41*i**2 - 161*i - 55. Is f(54) prime?
True
Let s(z) = -z**2 + 16*z - 28. Let y(q) = -q - 1. Let w(l) = s(l) - y(l). Let k be w(16). Let n(v) = -21*v + 34. Is n(k) composite?
True
Let l be (-493578)/(-108) + 2/(-12). Suppose p + 5*t = 1115, -l = -p - 3*p + 2*t. Is (2 - p/8)*-6 a prime number?
False
Suppose f - 8118 = -2*r - 343, 0 = 2*f + 2*r - 15540. Let d = f - 5316. Is d composite?
True
Suppose 10*m + 12431 = 74771. Suppose 5*k - 25 = 0, -3*h + 5*k + 1340 = -m. Is h prime?
False
Let w = -391 - -857. Suppose -8*t + w + 350 = 0. Suppose 5*q - 2863 = t. Is q a composite number?
False
Let r(k) = -346*k - 1. Let h be r(-2). Suppose 1402 = 2*a + 2*b, -2*a + 3*a - 4*b - h = 0. Let z = a + 62. Is z composite?
False
Let z(t) = -12*t**2 - 23*t - 11. Let r(g) = 8*g**2 + 15*g + 7. Let x(i) = 8*r(i) + 5*z(i). Let b be x(-2). Let h = b + 6. Is h a composite number?
False
Let y be ((-6)/(-2))/(-1 - (-1)/4). Let q be y/(36/(-33)) - (-6)/18. Suppose 4*k + z - 9831 = 0, q*z + 5 = 3*z. Is k a prime number?
True
Let r(c) = 119425*c - 1792. Is r(15) prime?
True
Let r = -50943 + 232442. Is r prime?
True
Let b = -1045058 - -1815119. Is b a composite number?
True
Is (134/12)/(17/20094) composite?
True
Suppose -3*d + 2*v + 688261 = 0, 8*d - 5*v = 7*d + 229416. Is d a prime number?
False
Let d be 19293 - -1*(-25)/(-10)*-2. Let k = d + -13229. Is k prime?
False
Suppose -220682 = -6*n + 165855 + 200089. Is n a prime number?
True
Let w(s) = s**3 + 9*s**2 + 8*s + 5. Let a be w(-8). Suppose 4*t = 5*b - 14987, -a*b = 5 - 0. Let g = t - -6033. Is g a prime number?
False
Let i(c) = c**3 + 23*c**2 - 13*c + 3. Suppose 100 = -6*w + 16. Is i(w) composite?
False
Let b = 620604 - -415905. Suppose b = 28*w + 256121. Is w a composite number?
True
Suppose 4*d - 21 = -3*u, 3*u + d + 6 = 6*d. Let g(m) = 0*m + 0*m**u - 9*m**2 + 8*m + 5 + 6*m**3 - 4*m**3. Is g(8) a prime number?
False
Let q(r) = -3492*r + 1. Let v(p) = -p**2 - 19*p - 1. Let n be v(-19). Is q(n) a composite number?
True
Let t(n) = -81*n**2 + 14. Let r be t(6). Let w = -1379 - r. Is w a prime number?
True
Suppose 0 = 31*x - 44*x + 1794. Suppose 137*t + 3387 = x*t. Is t a composite number?
True
Suppose 43*z - 152*z + 4281629 = 0. Is z a composite number?
True
Suppose -22*p + 166579 + 1863603 = 0. Is p a composite number?
True
Suppose -3*r - 12 + 69 = 0. Let g = r - 17. Suppose -4*p = -4, -p = 5*a + g*p - 578. Is a a prime number?
False
Let q be 101/(-6)*-2 + (-2)/(-6). Is 8/(-12)*(-64209)/q a composite number?
False
Let r(c) = -c**3 + 15*c**2 - 14*c - 1. Let l be r(14). Let x be l/(-3) + 45/27. Suppose -g + 609 = -4*b, x*g + 588 = -4*b + 1866. Is g composite?
True
Let u be 33834/(-18) - 6/18. Is (3 - u/(-15))*-33 a prime number?
False
Let w(g) = 365*g**2 + 10*g + 186. Is w(14) a composite number?
True
Suppose 0 = 3*r - 2*c - 47 + 5, -4*r + 56 = -5*c. Let j(h) = 12*h + 18. Let t be j(r). Suppose -4*y = 2*y - t. Is y a prime number?
True
Is ((-42322)/5)/((-722)/855 + 8/18) composite?
True
Let s = -24 + 134. Suppose -y = -2*y + 4